n be b(-36). Calculate the highest common divisor of n and 42.
42
Let i be ((-17)/(-5) - 12/(-20))*2. Suppose 0 = 4*y + i*y - 168. Calculate the greatest common factor of y and 35.
7
Let i be 2/6 - (-71)/3. Let k(h) = 1272*h**3 - h**2 - h + 1. Let v be k(1). Suppose -431 = 5*y - v. What is the greatest common divisor of y and i?
24
Suppose -8 = -4*o + 3*o - 2*v, 3*o - 2*v - 64 = 0. Suppose -667 = -5*a + 4*w - 21, 0 = 5*a + 4*w - 614. Calculate the highest common divisor of o and a.
18
Let n(m) = m - 15. Let p be n(12). Let i = 6 + p. Suppose 0 = -3*c + i*u + 180, -45 - 27 = -c - 3*u. Calculate the greatest common divisor of c and 9.
9
Suppose -5*k - 4 = 2*y - 35, -3*y + 3*k = -57. What is the greatest common factor of y and 162?
18
Suppose 5*x = 5*l - l - 295, l = -4*x - 215. Let c = 125 - x. Calculate the highest common divisor of 36 and c.
36
Let n(o) = -5*o - 46. Let v be n(-10). Suppose f - 634 = -4*w - f, 3*w = -5*f + 465. Suppose -v*g - 52 = -w. Calculate the highest common divisor of 18 and g.
9
Let i be (228/8)/((-1)/(-2)). Suppose -2*f + m + 41 = 0, 3*f + m + 8 = i. What is the highest common factor of 12 and f?
6
Let b(k) = 2*k**2 + 4*k - 32. Let t be b(4). Calculate the greatest common factor of 8 and t.
8
Suppose 7*p - 8*p + 2 = 0. What is the greatest common factor of p and 34?
2
Let b be (-27)/(-5) + 18/30. Suppose -8 = 2*t, a = -3*a - 4*t. What is the greatest common factor of a and b?
2
Suppose -2*j + 57 = v - 3*j, -5*v + 285 = 3*j. Suppose -4*y + 3*y = -59. Suppose 0 = -4*r + 17 + y. Calculate the greatest common divisor of r and v.
19
Let t be ((-4)/(-2) + -14)*21/(-6). Let w = 50 - t. Suppose -o + 3*x = -2*o + 45, -2*x = 5*o - 238. Calculate the highest common factor of w and o.
8
Let w(i) = 26*i**2 + 20*i + 22. Let q be w(-1). Calculate the highest common divisor of 14 and q.
14
Let k be (2/4*1210)/1. Suppose -9*q + k = -4*q. What is the highest common divisor of 11 and q?
11
Let z = 129 + -125. Calculate the highest common factor of z and 108.
4
Let y = 15 - 20. Let p(r) = -19*r + 22. Let v be p(y). What is the greatest common divisor of 9 and v?
9
Suppose -h = -19 - 86. Suppose -121 = -13*y + 269. Calculate the greatest common factor of h and y.
15
Suppose -3265 = -46*h - 873. Suppose 0*w - 2*w + 26 = 0. Suppose 3*x = 4*x - w. What is the highest common divisor of h and x?
13
Let l(q) = 3*q + 35. Let y be l(-13). Let a(k) = 2*k**2 + 7*k + 12. Let d be a(y). Calculate the greatest common factor of d and 112.
16
Let r = -309 - -313. Let p(i) = -6*i + 6. Let v be p(-5). What is the highest common divisor of v and r?
4
Suppose -5*o - 20 = 0, -20 = -k - 2*o + 52. Calculate the highest common divisor of 35 and k.
5
Suppose -22*n + f = -25*n + 94, 4*n + f = 124. What is the highest common factor of n and 110?
10
Let a be (4 - (-9)/(-3))*-2 + 7. Suppose -5 = 4*o - a*o. What is the highest common divisor of 1 and o?
1
Suppose -1 - 20 = -3*r. Suppose 12 = -a + r. Let j(p) = -11*p + 9. Let t be j(a). Calculate the highest common divisor of 8 and t.
8
Suppose 0 = -22*n + 4462 + 10476. Calculate the highest common divisor of n and 97.
97
Let b = 3 - 2. Let l be 92 - (b - 3) - 4. What is the highest common factor of 18 and l?
18
Let f be (-2900)/(-30) - (-1 + (-15)/(-9)). What is the highest common factor of 128 and f?
32
Let p be 2/2 + 184/4. Suppose 10 = 3*h - p. Calculate the highest common factor of h and 171.
19
Let b = 16 + -15. Let v be -1*((-1)/b - 2). Suppose -k - v*y - 2*y = -46, 3*k + 2*y = 151. Calculate the greatest common divisor of 17 and k.
17
Let i = 1375 + -1345. What is the highest common divisor of i and 1215?
15
Suppose 4*p = 2*m + 2986, p = 4*p - 5*m - 2229. What is the highest common divisor of p and 34?
34
Suppose -a + 41*a = 14760. Calculate the highest common divisor of 27 and a.
9
Let j be (-51)/6*22*-1. Let b = 264 - j. Suppose -29*o + 39 = -27*o + 5*t, -4*o - t = -33. Calculate the highest common factor of b and o.
7
Suppose -z = 9*z - 30. Suppose 0*q + 3*g - 102 = -3*q, -z*q + 92 = -2*g. What is the greatest common divisor of q and 288?
32
Let o(u) = -u**3 - u**2 - u. Let s be o(-2). Let n = -21 - -75. Calculate the greatest common divisor of n and s.
6
Suppose -5*g + 2*y + 6440 = 0, -4*y = 3*g + y - 3895. Calculate the highest common divisor of 30 and g.
30
Let f = 26 - 17. Suppose -3*w - 763 = -1060. What is the highest common factor of w and f?
9
Let a(o) = o + 16. Let s = 26 - 39. Let c be a(s). Suppose 2*g = c*g - 9. Calculate the highest common factor of g and 99.
9
Let k(d) = -d**3 + 4*d**2 + 3*d + 5. Let l be 45/10 - 2/4. Let h be k(l). Suppose -3*z + h = -28. Calculate the greatest common factor of z and 105.
15
Suppose 5 + 1 = 3*t. Let p be (-324)/(-33) + t/11. Let j be 29/5 + (-8)/p. What is the greatest common factor of j and 20?
5
Let c(k) = 21*k - 354. Let r be c(34). Calculate the greatest common divisor of 96 and r.
24
Let i(f) = f**2 - 8*f - 3. Let x be i(6). Let y = x - -21. What is the highest common factor of y and 6?
6
Let q be (303/12)/((-2)/8). Let u(t) = t**3 - 13*t**2 + 11*t - 22. Let y be u(11). Let w = q - y. What is the greatest common factor of 28 and w?
14
Let g(i) = -75*i - 60. Let h be g(-8). What is the highest common factor of h and 36?
36
Let x be ((-42)/4)/((-42)/196). Let s be (6/(-4))/(1/(-2)). Suppose -s*m - 2*g + 13 = -0*g, 3*m - 2*g = 29. Calculate the highest common divisor of x and m.
7
Suppose -9 = -5*c + 5*k + 16, 0 = -5*k + 15. Calculate the highest common divisor of c and 24.
8
Let r = -13 - -15. Suppose r*b - 20 = 24. What is the highest common divisor of 176 and b?
22
Let j = -1682 - -1702. Calculate the greatest common factor of j and 35.
5
Suppose -6 = -c - 2. Let g = -34 - -34. Suppose g = -b - c + 8. What is the highest common factor of 4 and b?
4
Let r(z) = -z**3 - 3*z**2 + 10*z + 6. Let q be r(-5). Let h be 2*(4/q - 2/(-6)). What is the greatest common factor of h and 14?
2
Let d be ((-4)/(-34) - 401030/(-867))*3. Calculate the highest common divisor of d and 4.
4
Let w be 2 - (1 - (2 + -3)). Suppose w*g + 48 = 6*g. Suppose -t - 5*o = -64, -3*t + 179 = 3*o - 13. Calculate the greatest common factor of g and t.
8
Suppose 2*v = 4*b - 14, 4*b - 1 = 3*b - 2*v. Let l be (-5)/(15/(-18))*(-1)/(-2). Suppose -j - 6 = -l*j. Calculate the highest common divisor of b and j.
3
Suppose -29*y + 5809 = 2039. Let q(v) = -2*v + 1. Let j be q(-2). Suppose j*t = -25, -z = -5*t + 2*t - y. Calculate the highest common factor of 46 and z.
23
Let j = -101 - -385. Let o = j + -161. What is the greatest common factor of 82 and o?
41
Let f be -52*((-28)/8 - -3). Suppose 4*b - 3*w - 52 = 0, -2*w = -2*b - 3*w + f. Suppose 153 - 36 = h. Calculate the greatest common factor of b and h.
13
Suppose -226*v + 233*v = 140. Calculate the highest common divisor of 40 and v.
20
Let d be 237/33 + 4/(-22). Suppose 8 = g - d. What is the highest common factor of 12 and g?
3
Let l(t) = 6*t - 6 + 21 - 8 + t + 495*t**2. Let f be l(-1). What is the highest common factor of 45 and f?
45
Suppose 836 = 2*a + 4*b + 168, 4*b = -a + 328. Calculate the greatest common factor of a and 10.
10
Let u = 3 - -3. Let f(g) = 4*g + 3*g - u*g - 5*g. Let d be f(-6). What is the greatest common divisor of d and 24?
24
Let v(u) = u - 1. Let t be v(6). Let x(i) = 11*i**2 - i. Let a be x(1). Calculate the greatest common divisor of t and a.
5
Suppose -2*m = j - 5, 12*m - 17*m = -2*j - 8. Suppose -3 = -p - 0. Calculate the greatest common factor of m and p.
1
Let r(j) = -2*j**3 - 2*j**2 + 4*j - 5. Let p be r(-4). Let s = p + -12. What is the greatest common divisor of 7 and s?
7
Let d(n) = 5 + 3*n + 69*n**2 + 2 - 5. Let y be d(-1). Calculate the greatest common divisor of y and 17.
17
Let f(b) = -3*b + 9*b**2 - 4*b**2 + 4*b**2 + 5 + 1 + b**3. Let p be f(-7). Suppose 2*j - 82 = 18. Calculate the highest common factor of j and p.
25
Suppose -4*u - 2*w + 116 = -130, 3*u + 4*w - 192 = 0. Calculate the highest common divisor of u and 45.
15
Suppose -11 = -4*x + 5*u + 25, 0 = 4*x + 4*u. Let p(q) = -q**3 + 4*q**2 + 2*q + 1. Let a be p(3). Calculate the greatest common divisor of a and x.
4
Let g = 74 + -39. Let t be (g/(-2))/((-3)/6). Let p be 0 - ((-1)/(-3) - (-44)/(-6)). What is the highest common divisor of p and t?
7
